[INFO] cloning repository https://github.com/pzol/rogue-rs
[INFO] running `Command { std: "git" "-c" "credential.helper=" "-c" "credential.helper=/workspace/cargo-home/bin/git-credential-null" "clone" "--bare" "https://github.com/pzol/rogue-rs" "/workspace/cache/git-repos/https%3A%2F%2Fgithub.com%2Fpzol%2Frogue-rs", kill_on_drop: false }`
[INFO] [stderr] Cloning into bare repository '/workspace/cache/git-repos/https%3A%2F%2Fgithub.com%2Fpzol%2Frogue-rs'...
[INFO] running `Command { std: "git" "rev-parse" "HEAD", kill_on_drop: false }`
[INFO] [stdout] a1eaaca8f64d4ce8dd59f7d683b6d75334ce11da
[INFO] checking pzol/rogue-rs against master#af3c6e733a40e671550e0f0f5aeecaa13772ba56 for pr-74989
[INFO] running `Command { std: "git" "clone" "/workspace/cache/git-repos/https%3A%2F%2Fgithub.com%2Fpzol%2Frogue-rs" "/workspace/builds/worker-3/source", kill_on_drop: false }`
[INFO] [stderr] Cloning into '/workspace/builds/worker-3/source'...
[INFO] [stderr] done.
[INFO] validating manifest of git repo https://github.com/pzol/rogue-rs on toolchain af3c6e733a40e671550e0f0f5aeecaa13772ba56
[INFO] running `Command { std: "/workspace/cargo-home/bin/cargo" "+af3c6e733a40e671550e0f0f5aeecaa13772ba56" "read-manifest" "--manifest-path" "Cargo.toml", kill_on_drop: false }`
[INFO] started tweaking git repo https://github.com/pzol/rogue-rs
[INFO] removed path dependency rogue from git repo https://github.com/pzol/rogue-rs
[INFO] finished tweaking git repo https://github.com/pzol/rogue-rs
[INFO] tweaked toml for git repo https://github.com/pzol/rogue-rs written to /workspace/builds/worker-3/source/Cargo.toml
[INFO] crate git repo https://github.com/pzol/rogue-rs already has a lockfile, it will not be regenerated
[INFO] running `Command { std: "/workspace/cargo-home/bin/cargo" "+af3c6e733a40e671550e0f0f5aeecaa13772ba56" "fetch" "--locked" "--manifest-path" "Cargo.toml", kill_on_drop: false }`
[INFO] [stderr] warning: dependency (rogue) specified without providing a local path, Git repository, or version to use. This will be considered an error in future versions
[INFO] [stderr]     Blocking waiting for file lock on package cache
[INFO] [stderr]     Updating crates.io index
[INFO] [stderr] error: the lock file /workspace/builds/worker-3/source/Cargo.lock needs to be updated but --locked was passed to prevent this
[INFO] [stderr] If you want to try to generate the lock file without accessing the network, use the --offline flag.
[INFO] the lockfile is outdated, regenerating it
[INFO] running `Command { std: "/workspace/cargo-home/bin/cargo" "+af3c6e733a40e671550e0f0f5aeecaa13772ba56" "generate-lockfile" "--manifest-path" "Cargo.toml" "-Zno-index-update", kill_on_drop: false }`
[INFO] running `Command { std: "/workspace/cargo-home/bin/cargo" "+af3c6e733a40e671550e0f0f5aeecaa13772ba56" "fetch" "--locked" "--manifest-path" "Cargo.toml", kill_on_drop: false }`
[INFO] [stderr] warning: dependency (rogue) specified without providing a local path, Git repository, or version to use. This will be considered an error in future versions
[INFO] [stderr]     Blocking waiting for file lock on package cache
[INFO] running `Command { std: "docker" "create" "-v" "/var/lib/crater-agent-workspace/builds/worker-3/target:/opt/rustwide/target:rw,Z" "-v" "/var/lib/crater-agent-workspace/builds/worker-3/source:/opt/rustwide/workdir:ro,Z" "-v" "/var/lib/crater-agent-workspace/cargo-home:/opt/rustwide/cargo-home:ro,Z" "-v" "/var/lib/crater-agent-workspace/rustup-home:/opt/rustwide/rustup-home:ro,Z" "-e" "SOURCE_DIR=/opt/rustwide/workdir" "-e" "CARGO_TARGET_DIR=/opt/rustwide/target" "-e" "CARGO_HOME=/opt/rustwide/cargo-home" "-e" "RUSTUP_HOME=/opt/rustwide/rustup-home" "-w" "/opt/rustwide/workdir" "-m" "1610612736" "--user" "0:0" "--network" "none" "rustops/crates-build-env@sha256:d92eaeed33fa75130ca1ee6c8a01d1ffb62bac859dfdfb3450e3e5d1c0146529" "/opt/rustwide/cargo-home/bin/cargo" "+af3c6e733a40e671550e0f0f5aeecaa13772ba56" "metadata" "--no-deps" "--format-version=1", kill_on_drop: false }`
[INFO] [stdout] ff98bc4f94190226e7449aeca1329dfa47c6fc66bf7118b5e78685649ea3c7fd
[INFO] [stderr] WARNING: Your kernel does not support swap limit capabilities or the cgroup is not mounted. Memory limited without swap.
[INFO] running `Command { std: "docker" "start" "-a" "ff98bc4f94190226e7449aeca1329dfa47c6fc66bf7118b5e78685649ea3c7fd", kill_on_drop: false }`
[INFO] running `Command { std: "docker" "inspect" "ff98bc4f94190226e7449aeca1329dfa47c6fc66bf7118b5e78685649ea3c7fd", kill_on_drop: false }`
[INFO] running `Command { std: "docker" "rm" "-f" "ff98bc4f94190226e7449aeca1329dfa47c6fc66bf7118b5e78685649ea3c7fd", kill_on_drop: false }`
[INFO] [stdout] ff98bc4f94190226e7449aeca1329dfa47c6fc66bf7118b5e78685649ea3c7fd
[INFO] running `Command { std: "docker" "create" "-v" "/var/lib/crater-agent-workspace/builds/worker-3/target:/opt/rustwide/target:rw,Z" "-v" "/var/lib/crater-agent-workspace/builds/worker-3/source:/opt/rustwide/workdir:ro,Z" "-v" "/var/lib/crater-agent-workspace/cargo-home:/opt/rustwide/cargo-home:ro,Z" "-v" "/var/lib/crater-agent-workspace/rustup-home:/opt/rustwide/rustup-home:ro,Z" "-e" "SOURCE_DIR=/opt/rustwide/workdir" "-e" "CARGO_TARGET_DIR=/opt/rustwide/target" "-e" "CARGO_INCREMENTAL=0" "-e" "RUST_BACKTRACE=full" "-e" "RUSTFLAGS=--cap-lints=forbid" "-e" "CARGO_HOME=/opt/rustwide/cargo-home" "-e" "RUSTUP_HOME=/opt/rustwide/rustup-home" "-w" "/opt/rustwide/workdir" "-m" "1610612736" "--user" "0:0" "--network" "none" "rustops/crates-build-env@sha256:d92eaeed33fa75130ca1ee6c8a01d1ffb62bac859dfdfb3450e3e5d1c0146529" "/opt/rustwide/cargo-home/bin/cargo" "+af3c6e733a40e671550e0f0f5aeecaa13772ba56" "check" "--frozen" "--all" "--all-targets" "--message-format=json", kill_on_drop: false }`
[INFO] [stdout] 9fbe1fa002e44ebd46efe708d7cc03d9232466e1b29dfdf3ebe08e1eeef4567b
[INFO] [stderr] WARNING: Your kernel does not support swap limit capabilities or the cgroup is not mounted. Memory limited without swap.
[INFO] running `Command { std: "docker" "start" "-a" "9fbe1fa002e44ebd46efe708d7cc03d9232466e1b29dfdf3ebe08e1eeef4567b", kill_on_drop: false }`
[INFO] [stderr] warning: dependency (rogue) specified without providing a local path, Git repository, or version to use. This will be considered an error in future versions
[INFO] [stderr]     Blocking waiting for file lock on package cache
[INFO] [stderr]    Compiling pkg-config v0.3.18
[INFO] [stderr]    Compiling cc v1.0.59
[INFO] [stderr]     Checking bitflags v0.1.1
[INFO] [stderr]     Checking rogue v0.0.2
[INFO] [stdout] error: invalid suffix `u` for integer literal
[INFO] [stdout]   --> /opt/rustwide/cargo-home/registry/src/github.com-1ecc6299db9ec823/rogue-0.0.2/src/dice.rs:40:26
[INFO] [stdout]    |
[INFO] [stdout] 40 |         for num in range(1u, 4) {
[INFO] [stdout]    |                          ^^ invalid suffix `u`
[INFO] [stdout]    |
[INFO] [stdout]    = help: the suffix must be one of the integral types (`u32`, `isize`, etc)
[INFO] [stdout] 
[INFO] [stdout] 
[INFO] [stdout] error: invalid suffix `u` for integer literal
[INFO] [stdout]   --> /opt/rustwide/cargo-home/registry/src/github.com-1ecc6299db9ec823/rogue-0.0.2/src/dice.rs:41:32
[INFO] [stdout]    |
[INFO] [stdout] 41 |             for sides in range(1u, 20) {
[INFO] [stdout]    |                                ^^ invalid suffix `u`
[INFO] [stdout]    |
[INFO] [stdout]    = help: the suffix must be one of the integral types (`u32`, `isize`, etc)
[INFO] [stdout] 
[INFO] [stdout] 
[INFO] [stdout] error[E0432]: unresolved import `std::rand`
[INFO] [stdout]  --> /opt/rustwide/cargo-home/registry/src/github.com-1ecc6299db9ec823/rogue-0.0.2/src/dice.rs:1:5
[INFO] [stdout]   |
[INFO] [stdout] 1 | use std::rand;
[INFO] [stdout]   |     ^^^^^^^^^ no `rand` in the root
[INFO] [stdout] 
[INFO] [stdout] 
[INFO] [stdout] error[E0432]: unresolved import `std::rand`
[INFO] [stdout]  --> /opt/rustwide/cargo-home/registry/src/github.com-1ecc6299db9ec823/rogue-0.0.2/src/dice.rs:2:10
[INFO] [stdout]   |
[INFO] [stdout] 2 | use std::rand::Rng;
[INFO] [stdout]   |          ^^^^ could not find `rand` in `std`
[INFO] [stdout] 
[INFO] [stdout] 
[INFO] [stdout] error[E0412]: cannot find type `uint` in this scope
[INFO] [stdout]  --> /opt/rustwide/cargo-home/registry/src/github.com-1ecc6299db9ec823/rogue-0.0.2/src/dice.rs:5:21
[INFO] [stdout]   |
[INFO] [stdout] 5 | pub struct Dice(pub uint, pub uint);
[INFO] [stdout]   |                     ^^^^ not found in this scope
[INFO] [stdout] 
[INFO] [stdout] 
[INFO] [stdout] error[E0412]: cannot find type `uint` in this scope
[INFO] [stdout]  --> /opt/rustwide/cargo-home/registry/src/github.com-1ecc6299db9ec823/rogue-0.0.2/src/dice.rs:5:31
[INFO] [stdout]   |
[INFO] [stdout] 5 | pub struct Dice(pub uint, pub uint);
[INFO] [stdout]   |                               ^^^^ not found in this scope
[INFO] [stdout] 
[INFO] [stdout] 
[INFO] [stdout] error[E0412]: cannot find type `uint` in this scope
[INFO] [stdout]   --> /opt/rustwide/cargo-home/registry/src/github.com-1ecc6299db9ec823/rogue-0.0.2/src/dice.rs:12:27
[INFO] [stdout]    |
[INFO] [stdout] 12 |     pub fn roll(&self) -> uint {
[INFO] [stdout]    |                           ^^^^ not found in this scope
[INFO] [stdout] 
[INFO] [stdout] 
[INFO] [stdout] error: aborting due to 7 previous errors
[INFO] [stdout] 
[INFO] [stdout] 
[INFO] [stdout] Some errors have detailed explanations: E0412, E0432.
[INFO] [stdout] 
[INFO] [stdout] For more information about an error, try `rustc --explain E0412`.
[INFO] [stdout] 
[INFO] [stderr] error: could not compile `rogue`.
[INFO] [stderr] 
[INFO] [stderr] To learn more, run the command again with --verbose.
[INFO] [stderr] warning: build failed, waiting for other jobs to finish...
[INFO] [stderr] error: build failed
[INFO] running `Command { std: "docker" "inspect" "9fbe1fa002e44ebd46efe708d7cc03d9232466e1b29dfdf3ebe08e1eeef4567b", kill_on_drop: false }`
[INFO] running `Command { std: "docker" "rm" "-f" "9fbe1fa002e44ebd46efe708d7cc03d9232466e1b29dfdf3ebe08e1eeef4567b", kill_on_drop: false }`
[INFO] [stdout] 9fbe1fa002e44ebd46efe708d7cc03d9232466e1b29dfdf3ebe08e1eeef4567b
